e factors of i?
5
Let t be 3*1*224/12. Suppose -w = 2*g - t, -w + g = -32 - 24. Suppose 3*m = -m + w. What are the prime factors of m?
2, 7
Let r(q) = -q**2 + 9*q - 4. Let l be r(9). Let z be (l - (2 - 1))*2. List the prime factors of z/(-3)*(-9)/(-6).
5
Let p be 8*(-1)/(1/(-1)). Let j(g) = -g**3 + 7*g**2 + 10*g + 8. List the prime factors of j(p).
2, 3
Let u(z) = z**3 + 15*z**2 + 18*z + 5. List the prime factors of u(-12).
13, 17
Suppose -d - l = -137, -2*l + 115 + 19 = d. List the prime factors of d.
2, 5, 7
What are the prime factors of (28/35)/((-1)/(-25))?
2, 5
Let i = -13 + 31. What are the prime factors of i?
2, 3
Let a(o) = 2*o + 15. List the prime factors of a(4).
23
Let f = 52 - 19. What are the prime factors of f?
3, 11
Suppose -36 = -2*x - 2*x. Suppose -f = 3*g - 8 - x, f = -4*g + 23. What are the prime factors of g?
2, 3
Suppose 5*v + 7 = x - 1, -3*x + 24 = 2*v. Let j = x - 6. List the prime factors of 4/6*(j + 1).
2
Let t = 5 - 5. Suppose -20 = -t*j - 2*j. What are the prime factors of j?
2, 5
Suppose 0 = 3*s - 11 - 4. Let z(d) = -d**3 + 45. Let a be z(0). Suppose 0*x = s*x - a. List the prime factors of x.
3
Let h(c) = c**2 + c - 1. Let b(m) = -5*m**2 + m - 2. Let s(d) = -b(d) - 4*h(d). Let l = 1 - -5. What are the prime factors of s(l)?
2, 3
Suppose -3*b + 604 = 184. List the prime factors of b.
2, 5, 7
Let d = 6 - -12. List the prime factors of d.
2, 3
Let v(k) = -k + 10. Let i(x) = -x + 9. Let f(h) = 3*i(h) - 2*v(h). Let j be f(5). List the prime factors of 6 - (-2 - (j + -2)).
2
Suppose -2*q + 5 = 33. Let d = q - -21. What are the prime factors of d?
7
Suppose -4*w = w - 160. What are the prime factors of w?
2
Suppose -2*y = -3*z - 43, -15 = -y - z + 19. What are the prime factors of y?
29
Suppose -2*f - x + 11 = -2*x, 3*x + 15 = 0. Suppose 6*a - f*a - 2*p = 28, 0 = 3*a + 3*p - 18. List the prime factors of a.
2
Let a(l) = l. Let h be a(-3). List the prime factors of h - (-1)/((-2)/(-22)).
2
Let b = -31 - -6. Let k = b - -50. What are the prime factors of k?
5
Let w = -4 - -6. Suppose l + 1 = 4. Suppose -4*c = -w*c + 6, -c = -l*m + 12. List the prime factors of m.
3
Let x = -1 - -1. Suppose s - 16 + 5 = x. List the prime factors of s.
11
Suppose 2*r - r = 0. Suppose r = -5*h + 3*z + 14, 5*z - 14 = -0*h - h. What are the prime factors of h?
2
Suppose -4*d + 605 = 5*g, d - 2*g - 448 = -2*d. List the prime factors of d.
2, 3, 5
Suppose 27 = 4*q - 5. List the prime factors of (4 - q)*(-7)/2.
2, 7
Let u(d) = 1 + 4*d + 4*d**2 + d - 3*d - 4*d. Let s be u(1). Suppose s*a - o - 9 = o, 0 = o. What are the prime factors of a?
3
Let h(x) be the third derivative of x**5/60 - x**4/8 - x**3/6 - 3*x**2. List the prime factors of h(-3).
17
Let h(b) = -2*b**2 + 10*b + 6. Let l(w) = w**2 - 5*w - 3. Let p(d) = -3*h(d) - 5*l(d). What are the prime factors of p(-3)?
3, 7
Suppose 2*q + 2*q + 3*c = 1, -2*q = -c + 7. Let g be -1 - (q + 4 + -3). Suppose 2*r - 5*r + 12 = g. List the prime factors of r.
2
Let t be -5*1*(-7)/(-7). Let v(o) = o**2 + 5*o + 4. Let m be v(t). Suppose -j = -5*s - 24, -j + 10 = 5*s - m. List the prime factors of j.
19
List the prime factors of (0 - -7)*32/4.
2, 7
Let p be (-28)/(-6) - (-5)/15. Suppose -5*c - 7 = -4*l, 3*l - 2*c = 2 + p. Suppose 6 = 4*k + 2*g, 2*k = -0*g - l*g - 7. What are the prime factors of k?
2
Suppose -2*w = -w - j - 36, 2*j = -6. What are the prime factors of w?
3, 11
Let s(r) = -r**2 + 5*r - 6. Let q be s(5). Let g = 15 + q. List the prime factors of g.
3
Let l be (1 - (-1)/2)*2. Suppose -7*r = -f - l*r + 11, -3*r - 6 = 0. Suppose -f*k = m - 8, -2*m - 3*k + 0*k = -13. List the prime factors of m.
5
Suppose -3*u + 92 = z, 3*z = -0*z + 6. List the prime factors of u.
2, 3, 5
Let v(k) be the first derivative of -k**2/2 + 5*k - 2. Let z be v(4). Let h(w) = 14*w**3 - 2*w**2 + 1. What are the prime factors of h(z)?
13
Let t = 1 - 5. Let w(r) = 13*r**2 - 3*r + 13. Let y(g) = 6*g**2 - 2*g + 6. Let n(s) = t*w(s) + 9*y(s). What are the prime factors of n(4)?
2, 5
Let v = 67 - -17. Suppose 4*a - v = a. Let t = a + -17. What are the prime factors of t?
11
Suppose g + d = 51, 0*d = 4*d - 8. Suppose -111 - g = 2*h. What are the prime factors of h/(-12) - (-1)/3?
7
Let n(d) = -d**3 + 5*d**2 + 5*d + 6. Let y be n(6). Suppose -w = -5*l - 42, -5*w = -y*w + 15. Let m = l + 25. What are the prime factors of m?
2
Let w(o) = -3 + o + 0*o + o**2 - 6. Let v be w(0). Let n = v - -26. List the prime factors of n.
17
Let r(c) = 6*c**2 + 5*c + 17. What are the prime factors of r(-7)?
2, 3, 23
List the prime factors of 214/1 - 1*-2.
2, 3
Let y = -54 + 123. What are the prime factors of y?
3, 23
Suppose 5 = 3*k - 1. Suppose -4*b = k*x - 124, 0 = -4*b - x + 106 + 14. List the prime factors of b.
29
Suppose a + 7 = 2*a + m, 5*a = 2*m + 21. Suppose -3 = -3*w - 0. Let f = w + a. List the prime factors of f.
2, 3
Suppose -y = -0*n + 3*n - 26, -2*n = y - 25. Let o = 37 - y. What are the prime factors of o?
2, 7
Let c(q) = q**3 - 7*q**2 - 8*q + 3. Let x be 0*2/4 - -8. Let n be c(x). Suppose 0 = 3*l + 4*m - 25, l + 0*m - n = 4*m. List the prime factors of l.
7
Let m = 8 - 3. Suppose -3*t + 4*o = -26, 4*t + 2*o = o + 60. Suppose 2*p - t = -4*g, -3*p = p + m*g - 25. What are the prime factors of p?
5
Suppose 4*s - 16 = -0*s. Suppose -s*q + 8 = -0*q - 2*z, 2*q + 5*z = 4. Suppose -n = q*n - 24. List the prime factors of n.
2
Let y be (15/9)/(-1)*3. Let l = 9 - y. What are the prime factors of l?
2, 7
Suppose 173 = 3*z + 4*m, m - 56 = -z - 2*m. Suppose -f + 3*y = -z, -5*f + 4*f + 35 = 3*y. List the prime factors of f.
47
Let z be 4 - 2 - (-16 + 4). Suppose 5*o = 4*c + 23, 4*c = -0*o + 2*o - z. What are the prime factors of o?
3
Suppose 3*l = 4*k - 77, -5*l = -6 + 21. Let s = k + -5. List the prime factors of s.
2, 3
Suppose 0 = d - 55 - 47. What are the prime factors of d?
2, 3, 17
Suppose -5*c - 10 = -4*x, -3*x - 4*c + 21 = -c. Let y = -5 + x. Suppose 2*g - 18 = -y*g. What are the prime factors of g?
3
Let f(t) = 2 + 4 - 4 - t + 6. List the prime factors of f(4).
2
Let p = 4 - 5. Let u be (0 + 0 + 3)/p. What are the prime factors of 1 + 3 + u + 3?
2
Suppose 4*z - 127 = -2*m + 145, -5*m - 5*z = -700. What are the prime factors of m?
2, 3
Let m = -18 - -24. Let d = m - -21. What are the prime factors of d?
3
Suppose 3*a + 1 = -2. Let i = a - -13. List the prime factors of i.
2, 3
Let v be (4 - 2) + (1 - 0). Suppose 0 = d - v*n - 1, -d + 3*d = -4*n + 2. Let p = 7 + d. What are the prime factors of p?
2
Let k = -20 + 22. List the prime factors of k.
2
Let l(j) be the third derivative of -2/3*j**3 + 0*j - j**2 + 0 - 1/60*j**5 + 7/24*j**4. What are the prime factors of l(3)?
2
Suppose -5*o + 9*o = 24. List the prime factors of (8/12)/(o/189).
3, 7
Let z(f) = -1 + 1 - 1 + 7*f. Let i be z(1). What are the prime factors of i*((-10)/(-4) - 1)?
3
Let s(z) = z - 1. Let d be s(6). Suppose 2*t = 3*f + 4, -f + 0*f + d*t = 23. What are the prime factors of 0 + f - 6*-1?
2
Let b be 2*(-3)/(12/(-26)). Let f = b - 25. Let a = f + 19. List the prime factors of a.
7
Let c(t) = 19*t**3 - 2*t**2 + t. Let i be c(1). What are the prime factors of 5 + -6 - (-1 - i)?
2, 3
Let m = 84 - 35. List the prime factors of m.
7
Let d(x) = -x**2 - 6*x + 2. Let r = -12 - -7. List the prime factors of d(r).
7
Let m(p) = 11*p + 1. Let x be m(1). Let y be 1/2*0*-1. Suppose 4*d - x + 4 = y. What are the prime factors of d?
2
Suppose -5*k = -404 + 89. List the prime factors of k.
3, 7
List the prime factors of (1 - -11)*8/12.
2
Suppose 3*u - 7 = 2. Suppose 5 = -3*c - 5*g, -g + 4 = u*c - 7. What are the prime factors of c?
5
Suppose -5*u = p - 58 - 16, -4*u - 74 = -p. What are the prime factors of p?
2, 37
Let d(z) = z - 9. Let p be d(11). Suppose -4*n = o + n + 1, -p*n = -4*o + 40. What are the prime factors of o?
3
Suppose -5*c + 1 = 4*v - v, 2*v - 3*c - 7 = 0. Suppose v*j - 22 = -4*p - 0*j, j = -1. What are the prime factors of p?
2, 3
Let u = 22 - 12. Suppose u = 4*l - 2. Suppose l = -m + 2*m. List the prime factors of m.
3
Suppose -4 + 0 = -2*i. Suppose -i = 3*c + 1. What are the prime factors of (-70)/(-8) + c/(-4)?
3
Suppose i = 2*i - 3. Let w = 37 - 35. Suppose w*x - 24 = -h, -i*x + 25 = -h - 16. What are the prime factors of x?
13
Let s(m) be the second derivative of 0 + m